 8 = -3*r + 34, a = -3. Let f be 20/2*r/(-30). Let i = f + 2. Let v(g) = 2*g**3 + 4*g**2 + 3*g + 1. Determine v(i).
-5
Let i(h) = h**2 + 2*h + 1. Let m(p) = 4*p - 2*p**2 - p - 2 - 4*p - 4*p. Let s(v) = -7*i(v) - 2*m(v). Calculate s(-2).
-7
Suppose 2*c = -4*h + 22, 3*c + 2*c - 5*h - 25 = 0. Let a = -9 + c. Let q(r) = -r**2 - 3*r. Calculate q(a).
2
Let j be (-17 - -17)*(-4 + 3). Let c(h) be the third derivative of -h**5/60 + h**3/3 - h**2. What is c(j)?
2
Let v(q) be the third derivative of 0*q + 1/8*q**4 - 1/15*q**5 + 1/120*q**6 + 0 + 1/6*q**3 + 5*q**2. Give v(3).
1
Let o(r) = -r**2 + 4*r + 2. Suppose 2*y = 3*y. Suppose y = 4*w - 5*w + 5. Give o(w).
-3
Let a = -39 + 44. Let f(m) = -m**3 + 5*m**2 - m - 3. Determine f(a).
-8
Let f be -1*(-2 + -4 + 7). Let m be f*((7 - 4) + -3). Let l(s) = s**3 + s**2 + 6. What is l(m)?
6
Let n = -3 + 5. Let k(c) = 9*c - 12*c - c**3 + n + 4*c. Calculate k(0).
2
Suppose -2*l = 3 - 1. Let n = 3 + l. Let k(h) = -2 + 0 + h**2 + h**3 - 5*h**n + 2*h. Calculate k(4).
6
Suppose 5*i - i + 44 = 0. Let x = 14 + i. Let y(t) = t**2 - 2*t + 1. Calculate y(x).
4
Let k(l) = 3 - 7 - 23*l + 25*l - l**2. Determine k(5).
-19
Let j(x) = -x**3 + 5*x**2 - 6*x + 1. Let u = 15 - 11. Suppose -u*r = r - 20. Calculate j(r).
-7
Let o(h) = h**3 - 56 + 16 + 19 - 9*h**2 + 9*h + 9. What is o(8)?
-4
Let p(h) = -2*h**2 - 1. Let d(r) = -r**3 - 8*r**2 - 9*r - 8. Let w be d(-7). Let j = -8 + w. Determine p(j).
-9
Let y = 13 - 10. Let v(q) = -3 + q**2 + q**3 - q - 1 - 3*q**2. Calculate v(y).
2
Let c(u) = -u**2 + 4*u - 1. Let j = 42 + -37. Give c(j).
-6
Let m(j) = j**3 - j**2 + 7*j + 4. Let t(s) = -2*s - 1. Let u(r) = -m(r) - 5*t(r). Let p(k) = -k + 8. Let c be p(5). Determine u(c).
-8
Let i(p) = p - 6. Let q be i(9). Suppose q*a = a. Let c(j) = j**2 - j - 6. Give c(a).
-6
Let t(z) be the first derivative of 3*z**2/2 + 2*z + 3. Suppose -5*y - 12 + 2 = 0. Calculate t(y).
-4
Let u be 4/6 - (-15)/(-9). Let q be 0 + -1 + 4 + -1. Let z(b) = q*b - 7*b + 3*b + 3*b. Determine z(u).
-1
Let t(n) be the first derivative of -n**2 - 1/3*n**3 + 0*n + 2. Suppose -5*h - 3 = -4*h. Determine t(h).
-3
Let m(i) be the second derivative of -i**3/6 - i**2 - 23*i. Determine m(-7).
5
Suppose -3*y - 2*b - b - 3 = 0, 12 = -4*b. Let m(i) = i - i**y - 3 - 2*i + 0*i. Calculate m(-3).
-9
Let s(o) be the second derivative of -o**5/10 - o**3/6 + o**2/2 + 7*o. Give s(2).
-17
Let j(y) = y - 1. Let r be j(6). Let c(i) = -6*i**2 + i + 12. Let o(l) = -l**2 - l + 2. Let f(x) = c(x) - 5*o(x). Determine f(r).
7
Let v(i) = -9*i - 83. Let q be v(-10). Let p(a) = -a**2 + 7*a - 1. Calculate p(q).
-1
Let r(q) = -3*q**2 + q - 1. Let k(p) = -p**3 + 15*p**2 + 15*p + 17. Let f be k(16). Calculate r(f).
-3
Suppose 0 = k + 4 + 6. Let d = 0 + k. Let f = -6 - d. Let j(y) = y. What is j(f)?
4
Suppose -k + 9 = 3*u - 4*k, -k = -5*u + 3. Let z = u + 2. Let b(p) = -1 + 2*p + p + 0. Determine b(z).
5
Let q = -13 - -10. Let t(r) = r**2 - 2. Determine t(q).
7
Let y(z) = -z. Suppose 4*r - 3*r - 3 = 0. Suppose -r*a = -a - 8. Determine y(a).
-4
Let a(o) = 4*o - 3. Let y be a(4). Let c = -9 + y. Let k(x) be the second derivative of x**4/12 - 7*x**3/6 + 3*x**2 - x. Calculate k(c).
-6
Suppose -4*m + 7 = 3. Suppose -2*j = 4*p + 3*j - 14, p - j + m = 0. Let d(l) be the first derivative of 3*l**2 - 4. Calculate d(p).
6
Suppose -y + 3*d = 3*y + 23, -4*y - d - 3 = 0. Suppose 2 - 30 = -4*h - 5*v, 0 = 4*h - 5*v + 12. Let t(i) = i**3 - 2*i**2 - 2*i + 5 - 4 - h*i**3. What is t(y)?
5
Let h(t) = -t**2 + t - 3. Let y be 1/((-18)/10 + 2). Suppose 144 = y*c + 44. Suppose 0 = -3*w - 4*s + c, 3*s + 9 = 24. Determine h(w).
-3
Suppose -2*a = -0*a - 4. Let p(j) = 3*j**2 - 2*j - 4. Let m(h) = -7*h**2 + 4*h + 9. Let c(o) = a*m(o) + 5*p(o). What is c(4)?
6
Let n(x) = x + 1 + 0*x**2 + x**2 + x**2 - 2*x. Let m = -7 - -3. Let s = 5 + m. Give n(s).
2
Let q(x) = -4*x - 33. Let m(i) = -i - 8. Let u(w) = 9*m(w) - 2*q(w). Let g(y) = y**2 - 5*y. Let j be g(3). Let h = 2 + j. What is u(h)?
-2
Let w(b) = -b**2 + 3*b + 7. Let x be ((-8)/(-1) - 0) + -2. Give w(x).
-11
Let w(z) be the second derivative of z**4/12 + z**3 + 7*z**2/2 - z + 2. Let k(r) = -4*r + 3. Let m be k(2). Determine w(m).
2
Let t(j) = -9*j**2 - 9*j + 7. Let f(w) = 4*w**2 + 5*w - 4. Let m(s) = 7*f(s) + 4*t(s). Let x(r) = 4*r - 49. Let b be x(12). Calculate m(b).
-7
Let x be (-20)/6 + 2/6. Let v(j) = 0 - 47*j + 46*j + 1. Give v(x).
4
Let s = -16 - -15. Let r = 5 + s. Let p(x) = -x**2 + x + 2. Determine p(r).
-10
Let w(t) = t + 6*t + t**2 + 7 + 1 - 3. What is w(-7)?
5
Let a(p) = -p**3 + 5*p**2 + 2. Let g be a(5). Suppose 2*u - g = u. Let t(q) = 2*q - 3. What is t(u)?
1
Let u(v) = -v**3 - 4*v**2 + v. Let f be u(-4). Let c(n) = n**2 + 5*n. What is c(f)?
-4
Let h be 2/4*8*(-2)/(-2). Let p(o) be the first derivative of -1 + 1/2*o**2 - h*o. Calculate p(3).
-1
Let y(d) = -d + 4*d**2 - 5*d - 3*d**2 + 4 + 0*d**2. Let c = -32 - -23. Let z = -4 - c. Calculate y(z).
-1
Let b(f) = -f**2 + 0*f**3 - 105*f - 2*f**3 + 107*f + 3*f**2 - 2. Calculate b(2).
-6
Let r(f) be the third derivative of -1/24*f**4 + 1/2*f**3 + 0*f + 7*f**2 + 1/60*f**5 + 0. Determine r(0).
3
Let i(l) = l. Suppose 2*u - 4*w + 16 = 4, -4*u = -2*w + 24. Calculate i(u).
-6
Let r(j) = j**2 - j + 3*j - 8*j - 2. Let q(a) = -6*a**2 + 7*a + 2. Let c(x) = x**2. Let m(b) = 5*c(b) + q(b). Let w(d) = -3*m(d) - 4*r(d). Determine w(4).
-2
Let a be 5/((-50)/72) - (-1)/5. Let d(n) = -n**3 - 7*n**2 + 3*n + 4. Determine d(a).
-17
Let r = 5 + 1. Suppose -r*f - 10 = -k - f, 0 = -2*f - 4. Let z(q) = q + 7. Give z(k).
7
Let t(b) = b + 2. Let f be (5/(-25) - 0) + 48/(-10). Calculate t(f).
-3
Let u(c) = c**2 - 2*c + 1. Suppose 0*h = 3*h. Suppose h = 5*p + 20 - 5. Let r = p + 4. What is u(r)?
0
Let a be (10/(-4))/5*(-4 + 0). Let z = 0 - 0. Suppose 4*u - 12 = z, -2*w - a*u + 3 = u. Let x(d) = -d - 3. Calculate x(w).
0
Let g = 16 - 12. Let w(x) be the first derivative of -5/3*x**3 + 5/2*x**2 - 2 + 1/4*x**g - 5*x. What is w(4)?
-1
Let n(i) be the second derivative of -i**3/6 + 3*i**2/2 - 3*i. What is n(-5)?
8
Let f(i) = -2*i + 7. Let h be f(5). Let c be 3/h*(-1 + 3). Let q(m) = -m**3 - 5*m**2 - 2*m + 1. Give q(c).
-7
Let s(v) = v**3 - 7*v**2 - 4*v - 5. Let r(p) = 2*p**3 - 13*p**2 - 7*p - 10. Let n(f) = -3*r(f) + 5*s(f). Give n(4).
9
Let f(w) = w**3 + 6*w**2 - 5*w + 7. Let m be f(-7). Let n(d) = -d**2 - 9*d - 10. What is n(m)?
4
Let k(q) = 6*q + 3*q**2 - 413 + 410 + q**2 - 3*q**2. Calculate k(-5).
-8
Let f(r) = r - 1. Let z(x) = -6*x**2 + 5*x - 2. Let n(w) = 2*w**2 - 2*w + 1. Let u(p) = 11*n(p) + 4*z(p). Let i(m) = 5*f(m) + u(m). Calculate i(3).
-11
Let u = 57 - 52. Let k(o) = o**2 - 6*o - 2. What is k(u)?
-7
Suppose -11 = 4*r + 9. Suppose -2*w + 3 = -i + 10, 19 = 3*i - 5*w. Let u(v) = -4 + i*v**2 + 3 - 2*v**2 - 7*v - 2*v**2. Determine u(r).
9
Let s(l) be the first derivative of l**5/15 - 2*l**3/3 - 2. Let w(u) be the third derivative of s(u). Suppose 5 = -0*p - 5*p. Calculate w(p).
-8
Let d(k) = k**3 - 7*k**2 - 5*k + 7. Let f(b) = -2*b**3 + 15*b**2 + 9*b - 13. Let h(y) = -5*d(y) - 2*f(y). Give h(6).
-3
Let f(j) be the third derivative of j**8/6720 - j**7/1260 - j**6/240 + j**5/60 + j**4/6 + 3*j**2. Let i(b) be the second derivative of f(b). Give i(3).
2
Let w(l) = 2*l**2 + 1 + 2*l**2 + 48*l**3 - 46*l**3 - 5*l**2. Let v = 12 + -7. Suppose 3*p - 5 = -5*n - 0*p, 5*p + v = 5*n. What is w(n)?
2
Let g(t) = 5*t + 2. Let y be 1/2 + 3/(-6). Suppose -h - 4*u - 2 = 0, 6*h - h - 2*u + 10 = y. Determine g(h).
-8
Let b(z) be the second derivative of 1/24*z**4 + 0 + z**2 - 2/3*z**3 + z. Let h(g) be the first derivative of b(g). Give h(3).
-1
Let z(q) be the third derivative of q**5/60 + 5*q**4/24 + 2*q**3/3 - q**2. Let t = -3 + 8. Suppose t*v + 3 = -17. Give z(v).
0
Suppose -4*c + 6 = -7*c. Let g(b) be the first derivative of -b**2/2 - 1. Determine g(c).
2
Let j(i) = 9*i**2 - 5*i. Let k(p) = 9*p**2 - 4*p. Let l(b) = -5*j(b) + 6*k(b). Determine l(1).
10
Let x(q) = -6*q + 5. Let w(t) = -4*t + 3. Let a(s) = 8*w(s) - 5*x(s). Calculate a(-5).
9
Let l = 11 - 13. Let t(c) = 3*c**3 + c**2 - 2*c - 2. Determine t(l).
-18
Let i = 33 + -34. Let g(p) = -11*p**3 - p**2 - p. What is g(i)?
11
Let s(j) = -3*j**2 + 8 - j**3 + 11*j - 6 + 13*j**2. What is s(11)?
2
Let b(h) = 2*h. Let z be b(